{"id":207,"date":"2020-11-22T14:42:35","date_gmt":"2020-11-22T13:42:35","guid":{"rendered":"https:\/\/www.topigeon.cz\/?page_id=207"},"modified":"2026-04-09T16:32:28","modified_gmt":"2026-04-09T14:32:28","slug":"main","status":"publish","type":"page","link":"https:\/\/www.topigeon.cz\/?page_id=207","title":{"rendered":"EKS TOPigeon"},"content":{"rendered":"<table width=\"1418\" align=\"center\">\r\n<tbody>\r\n<tr>\r\n<td><a href=\"https:\/\/www.topigeon.cz\" target=\"_new\" rel=\"noopener noreferrer\"><img decoding=\"async\" title=\"Online obchod\" src=\"\/main\/eShop_Icon.png\" border=\"0\" \/><\/a> | <a href=\"https:\/\/www.topigeon.cz\/main\/iPigeon V8 Club Manager uzivatelskymanual.pdf\">MANU\u00c1L<\/a> | <a href=\"https:\/\/www.dropbox.com\/sh\/dkndwl88y8sfnzi\/AADwBfLxhaOtYr8pZvBouA9ma\/Club%20Managers?dl=0&#038;preview=ClubSys_V8_EU_10Setup.exe&#038;subfolder_nav_tracking=1\" target=\"_blank\" rel=\"noopener noreferrer\">CLUB MANAGER SOFTWARE<\/a> | <a href=\"https:\/\/www.topigeon.cz\/main\/zarucnipodminky.pdf\">Z\u00c1RU\u010cN\u00cd PODM\u00cdNKY<\/a> | <a href=\"https:\/\/www.topigeon.cz\/main\/schvalenidopis.pdf\" target=\"_new\" rel=\"noopener noreferrer\"> POVOLEN\u00cd \u010cMS CHPH<\/a> | <a href=\"https:\/\/www.topigeon.cz\/main\/klubovajednotkazdarma.pdf\">SMLOUVA NA MATKU ZDARMA<\/a><\/td>\r\n<\/tr>\r\n<tr>\r\n<td><a href=\"https:\/\/www.topigeon.cz\/main\/TOPIGEON_OLR_registration_form.pdf\" target=\"_new\" rel=\"noopener noreferrer\">SPONSORING PRO TS<\/a> | <a href=\"http:\/\/www.topigeon.com\" target=\"_new\" rel=\"noopener noreferrer\">TOPIGEON ONLINE SERVER <\/a>| <a href=\"https:\/\/www.topigeon.cz\/wp-content\/uploads\/2026\/04\/TopigeonFront.zip\" target=\"_blank\" rel=\"noopener noreferrer\">TOPIGEONFRONT SOFTWARE (online n\u00e1hrada za Club manager)<\/a><!-- |  <a href=\"\/downloads\/V8.84.zip\" target=\"_new\" rel=\"noopener noreferrer\">AKTU\u00c1LN\u00cd FIRMWARE<\/a>--><\/td>\r\n<\/tr>\r\n<tr>\r\n<td><\/td>\r\n<\/tr>\r\n<\/tbody>\r\n<\/table>\r\n\t<strong>Aktu\u00e1ln\u00ed fotografie a videa k dispozici na <a href=\"https:\/\/www.facebook.com\/CihakRacingPigeons\/\" target=\"_new\" rel=\"noopener noreferrer\"><img decoding=\"async\" title=\"Facebook\" src=\"\/main\/facebook.png\" border=\"0\" \/><\/a> a <a href=\"https:\/\/www.youtube.com\/channel\/UCutAH-6wwjb4gP7yq3qj2Lw\" target=\"_new\" rel=\"noopener noreferrer\"><img decoding=\"async\" title=\"Youtube kan\u00e1l\" src=\"\/main\/youtube.jpg\" border=\"0\" \/><\/a><\/strong>\r\n<img decoding=\"async\" src=\"\/main\/1214-CZ-2.jpg\" alt=\"Topigeon poster\" border=\"0\" \/>\r\n<p><!--<iframe loading=\"lazy\" src=\"http:\/\/www.meteoguru.com\/en\/widget\/wig.php?id=3062257&style=3&color=ffffff\" width=\"190px\" height=\"220px\" frameborder=\"0\"><\/iframe>--><\/p>\r\n<table>\r\n<tbody>\r\n<tr>\r\n<td><a href=\"http:\/\/www.topigeon.com\" rel=\"noopener noreferrer\"><img loading=\"lazy\" decoding=\"async\" src=\"main\/onlinepigeonracing.png\" alt=\"\" width=\"200\" height=\"109\" \/><\/a><\/td>\r\n<td><iframe loading=\"lazy\" src=\"https:\/\/www.youtube.com\/embed\/videoseries?list=PLQjLZ4VLEWRIBJWNTsxFOAWSdPigDy7di\" width=\"550\" height=\"300\" frameborder=\"0\" allowfullscreen=\"allowfullscreen\"><\/iframe><\/td>\r\n<\/tr>\r\n<\/tbody>\r\n<\/table>\r\n\t<table>\r\n<tbody>\r\n<tr>\r\n<td>Pobo\u010dka \u010cR:<br \/>\r\nAvance Technology Co., Ltd.<br \/>\r\nIng. Petr \u010cih\u00e1k<br \/>\r\nBo\u010dn\u00ed 232<br \/>\r\n\u010cakovi\u010dky<br \/>\r\n+420602175527<br \/>\r\nE-mail: <a href=\"mailto:petr.cihak@milkbot.cz?subject=Zajimam se o system Topigeon\">petr.cihak@topigeon.cz<\/a><\/td>\r\n<td>Centr\u00e1ln\u00ed adresa spole\u010dnosti:<br \/>\r\nAvance Technology Co., Ltd.<br \/>\r\n9F., No.65, Sec. 2<br \/>\r\nJianguo N Rd.<br \/>\r\nZhongshan District<br \/>\r\nTaipei City 10479, Taiwan<\/td>\r\n<\/tr>\r\n<\/tbody>\r\n<\/table>\r\n\t<p>Copyright \u00a9 2020, Avance Technology Co.,Ltd. &#8211; pobo\u010dka \u010cesk\u00e1 Republika<\/p>\r\n<!-- \/wp:post-content -->","protected":false},"excerpt":{"rendered":"<p>| MANU\u00c1L | CLUB MANAGER SOFTWARE | Z\u00c1RU\u010cN\u00cd PODM\u00cdNKY | POVOLEN\u00cd \u010cMS CHPH | SMLOUVA NA MATKU ZDARMA SPONSORING PRO TS | TOPIGEON ONLINE SERVER | TOPIGEONFRONT SOFTWARE (online n\u00e1hrada za Club manager) Aktu\u00e1ln\u00ed fotografie a videa k dispozici na a Pobo\u010dka \u010cR: Avance Technology Co., Ltd. Ing. Petr \u010cih\u00e1k Bo\u010dn\u00ed 232 \u010cakovi\u010dky +420602175527 E-mail:&#8230;<\/p>\n<p class=\"more-link\"><a href=\"https:\/\/www.topigeon.cz\/?page_id=207\"><span>Read More<\/span><i>&#43;<\/i><\/a><\/p>\n","protected":false},"author":1,"featured_media":0,"parent":0,"menu_order":0,"comment_status":"closed","ping_status":"closed","template":"","meta":{"footnotes":""},"class_list":["post-207","page","type-page","status-publish","hentry"],"yoast_head":"<!-- This site is optimized with the Yoast SEO plugin v27.2 - https:\/\/yoast.com\/product\/yoast-seo-wordpress\/ -->\n<title>EKS TOPigeon<\/title>\n<meta name=\"robots\" content=\"index, follow, max-snippet:-1, max-image-preview:large, max-video-preview:-1\" \/>\n<link rel=\"canonical\" href=\"https:\/\/www.topigeon.cz\/?page_id=207\" \/>\n<meta property=\"og:locale\" content=\"cs_CZ\" \/>\n<meta property=\"og:locale:alternate\" content=\"pl_PL\" \/>\n<meta property=\"og:type\" content=\"article\" \/>\n<meta property=\"og:title\" content=\"EKS TOPigeon\" \/>\n<meta property=\"og:description\" content=\"| MANU\u00c1L | CLUB MANAGER SOFTWARE | Z\u00c1RU\u010cN\u00cd PODM\u00cdNKY | POVOLEN\u00cd \u010cMS CHPH | SMLOUVA NA MATKU ZDARMA SPONSORING PRO TS | TOPIGEON ONLINE SERVER | TOPIGEONFRONT SOFTWARE (online n\u00e1hrada za Club manager) Aktu\u00e1ln\u00ed fotografie a videa k dispozici na a Pobo\u010dka \u010cR: Avance Technology Co., Ltd. Ing. Petr \u010cih\u00e1k Bo\u010dn\u00ed 232 \u010cakovi\u010dky +420602175527 E-mail:&#8230;Read More&#043;\" \/>\n<meta property=\"og:url\" content=\"https:\/\/www.topigeon.cz\/?page_id=207\" \/>\n<meta property=\"og:site_name\" content=\"topigeon\" \/>\n<meta property=\"article:publisher\" content=\"https:\/\/www.facebook.com\/CihakRacingPigeons\" \/>\n<meta property=\"article:modified_time\" content=\"2026-04-09T14:32:28+00:00\" \/>\n<meta property=\"og:image\" content=\"https:\/\/www.topigeon.cz\/wp-content\/uploads\/2020\/11\/IMG_20180606_154527_resize.jpg\" \/>\n\t<meta property=\"og:image:width\" content=\"1285\" \/>\n\t<meta property=\"og:image:height\" content=\"2285\" \/>\n\t<meta property=\"og:image:type\" content=\"image\/jpeg\" \/>\n<meta name=\"twitter:card\" content=\"summary_large_image\" \/>\n<meta name=\"twitter:site\" content=\"@TopigeonE\" \/>\n<meta name=\"twitter:label1\" content=\"Odhadovan\u00e1 doba \u010dten\u00ed\" \/>\n\t<meta name=\"twitter:data1\" content=\"2 minuty\" \/>\n<script type=\"application\/ld+json\" class=\"yoast-schema-graph\">{\"@context\":\"https:\/\/schema.org\",\"@graph\":[{\"@type\":\"WebPage\",\"@id\":\"https:\/\/www.topigeon.cz\/?page_id=207\",\"url\":\"https:\/\/www.topigeon.cz\/?page_id=207\",\"name\":\"EKS TOPigeon\",\"isPartOf\":{\"@id\":\"https:\/\/www.topigeon.cz\/#website\"},\"datePublished\":\"2020-11-22T13:42:35+00:00\",\"dateModified\":\"2026-04-09T14:32:28+00:00\",\"breadcrumb\":{\"@id\":\"https:\/\/www.topigeon.cz\/?page_id=207#breadcrumb\"},\"inLanguage\":\"cs-CZ\",\"potentialAction\":[{\"@type\":\"ReadAction\",\"target\":[\"https:\/\/www.topigeon.cz\/?page_id=207\"]}]},{\"@type\":\"BreadcrumbList\",\"@id\":\"https:\/\/www.topigeon.cz\/?page_id=207#breadcrumb\",\"itemListElement\":[{\"@type\":\"ListItem\",\"position\":1,\"name\":\"Home\",\"item\":\"https:\/\/www.topigeon.cz\/\"},{\"@type\":\"ListItem\",\"position\":2,\"name\":\"EKS TOPigeon\"}]},{\"@type\":\"WebSite\",\"@id\":\"https:\/\/www.topigeon.cz\/#website\",\"url\":\"https:\/\/www.topigeon.cz\/\",\"name\":\"topigeon\",\"description\":\"\",\"publisher\":{\"@id\":\"https:\/\/www.topigeon.cz\/#organization\"},\"potentialAction\":[{\"@type\":\"SearchAction\",\"target\":{\"@type\":\"EntryPoint\",\"urlTemplate\":\"https:\/\/www.topigeon.cz\/?s={search_term_string}\"},\"query-input\":{\"@type\":\"PropertyValueSpecification\",\"valueRequired\":true,\"valueName\":\"search_term_string\"}}],\"inLanguage\":\"cs-CZ\"},{\"@type\":\"Organization\",\"@id\":\"https:\/\/www.topigeon.cz\/#organization\",\"name\":\"TOPigeon Central Europe\",\"url\":\"https:\/\/www.topigeon.cz\/\",\"logo\":{\"@type\":\"ImageObject\",\"inLanguage\":\"cs-CZ\",\"@id\":\"https:\/\/www.topigeon.cz\/#\/schema\/logo\/image\/\",\"url\":\"https:\/\/www.topigeon.cz\/wp-content\/uploads\/2020\/11\/cropped-18403412_1170200123108469_8289490797163017582_n-1-3.jpg\",\"contentUrl\":\"https:\/\/www.topigeon.cz\/wp-content\/uploads\/2020\/11\/cropped-18403412_1170200123108469_8289490797163017582_n-1-3.jpg\",\"width\":300,\"height\":135,\"caption\":\"TOPigeon Central Europe\"},\"image\":{\"@id\":\"https:\/\/www.topigeon.cz\/#\/schema\/logo\/image\/\"},\"sameAs\":[\"https:\/\/www.facebook.com\/CihakRacingPigeons\",\"https:\/\/x.com\/TopigeonE\",\"https:\/\/www.youtube.com\/channel\/UCutAH-6wwjb4gP7yq3qj2Lw?view_as=subscriber\"]}]}<\/script>\n<!-- \/ Yoast SEO plugin. -->","yoast_head_json":{"title":"EKS TOPigeon","robots":{"index":"index","follow":"follow","max-snippet":"max-snippet:-1","max-image-preview":"max-image-preview:large","max-video-preview":"max-video-preview:-1"},"canonical":"https:\/\/www.topigeon.cz\/?page_id=207","og_locale":"cs_CZ","og_type":"article","og_title":"[:cs]EKS TOPigeon[:pl]EKS TOPigeon[:] - topigeon","og_description":"| MANU\u00c1L | CLUB MANAGER SOFTWARE | Z\u00c1RU\u010cN\u00cd PODM\u00cdNKY | POVOLEN\u00cd \u010cMS CHPH | SMLOUVA NA MATKU ZDARMA SPONSORING PRO TS | TOPIGEON ONLINE SERVER | TOPIGEONFRONT SOFTWARE (online n\u00e1hrada za Club manager) Aktu\u00e1ln\u00ed fotografie a videa k dispozici na a Pobo\u010dka \u010cR: Avance Technology Co., Ltd. Ing. Petr \u010cih\u00e1k Bo\u010dn\u00ed 232 \u010cakovi\u010dky +420602175527 E-mail:&#8230;Read More&#43;","og_url":"https:\/\/www.topigeon.cz\/?page_id=207","og_site_name":"topigeon","article_publisher":"https:\/\/www.facebook.com\/CihakRacingPigeons","article_modified_time":"2026-04-09T14:32:28+00:00","og_image":[{"width":1285,"height":2285,"url":"https:\/\/www.topigeon.cz\/wp-content\/uploads\/2020\/11\/IMG_20180606_154527_resize.jpg","type":"image\/jpeg"}],"twitter_card":"summary_large_image","twitter_site":"@TopigeonE","twitter_misc":{"Odhadovan\u00e1 doba \u010dten\u00ed":"2 minuty"},"schema":{"@context":"https:\/\/schema.org","@graph":[{"@type":"WebPage","@id":"https:\/\/www.topigeon.cz\/?page_id=207","url":"https:\/\/www.topigeon.cz\/?page_id=207","name":"EKS TOPigeon","isPartOf":{"@id":"https:\/\/www.topigeon.cz\/#website"},"datePublished":"2020-11-22T13:42:35+00:00","dateModified":"2026-04-09T14:32:28+00:00","breadcrumb":{"@id":"https:\/\/www.topigeon.cz\/?page_id=207#breadcrumb"},"inLanguage":"cs-CZ","potentialAction":[{"@type":"ReadAction","target":["https:\/\/www.topigeon.cz\/?page_id=207"]}]},{"@type":"BreadcrumbList","@id":"https:\/\/www.topigeon.cz\/?page_id=207#breadcrumb","itemListElement":[{"@type":"ListItem","position":1,"name":"Home","item":"https:\/\/www.topigeon.cz\/"},{"@type":"ListItem","position":2,"name":"EKS TOPigeon"}]},{"@type":"WebSite","@id":"https:\/\/www.topigeon.cz\/#website","url":"https:\/\/www.topigeon.cz\/","name":"topigeon","description":"","publisher":{"@id":"https:\/\/www.topigeon.cz\/#organization"},"potentialAction":[{"@type":"SearchAction","target":{"@type":"EntryPoint","urlTemplate":"https:\/\/www.topigeon.cz\/?s={search_term_string}"},"query-input":{"@type":"PropertyValueSpecification","valueRequired":true,"valueName":"search_term_string"}}],"inLanguage":"cs-CZ"},{"@type":"Organization","@id":"https:\/\/www.topigeon.cz\/#organization","name":"TOPigeon Central Europe","url":"https:\/\/www.topigeon.cz\/","logo":{"@type":"ImageObject","inLanguage":"cs-CZ","@id":"https:\/\/www.topigeon.cz\/#\/schema\/logo\/image\/","url":"https:\/\/www.topigeon.cz\/wp-content\/uploads\/2020\/11\/cropped-18403412_1170200123108469_8289490797163017582_n-1-3.jpg","contentUrl":"https:\/\/www.topigeon.cz\/wp-content\/uploads\/2020\/11\/cropped-18403412_1170200123108469_8289490797163017582_n-1-3.jpg","width":300,"height":135,"caption":"TOPigeon Central Europe"},"image":{"@id":"https:\/\/www.topigeon.cz\/#\/schema\/logo\/image\/"},"sameAs":["https:\/\/www.facebook.com\/CihakRacingPigeons","https:\/\/x.com\/TopigeonE","https:\/\/www.youtube.com\/channel\/UCutAH-6wwjb4gP7yq3qj2Lw?view_as=subscriber"]}]}},"_links":{"self":[{"href":"https:\/\/www.topigeon.cz\/index.php?rest_route=\/wp\/v2\/pages\/207","targetHints":{"allow":["GET"]}}],"collection":[{"href":"https:\/\/www.topigeon.cz\/index.php?rest_route=\/wp\/v2\/pages"}],"about":[{"href":"https:\/\/www.topigeon.cz\/index.php?rest_route=\/wp\/v2\/types\/page"}],"author":[{"embeddable":true,"href":"https:\/\/www.topigeon.cz\/index.php?rest_route=\/wp\/v2\/users\/1"}],"replies":[{"embeddable":true,"href":"https:\/\/www.topigeon.cz\/index.php?rest_route=%2Fwp%2Fv2%2Fcomments&post=207"}],"version-history":[{"count":35,"href":"https:\/\/www.topigeon.cz\/index.php?rest_route=\/wp\/v2\/pages\/207\/revisions"}],"predecessor-version":[{"id":863,"href":"https:\/\/www.topigeon.cz\/index.php?rest_route=\/wp\/v2\/pages\/207\/revisions\/863"}],"wp:attachment":[{"href":"https:\/\/www.topigeon.cz\/index.php?rest_route=%2Fwp%2Fv2%2Fmedia&parent=207"}],"curies":[{"name":"wp","href":"https:\/\/api.w.org\/{rel}","templated":true}]}}